s + 89 = 5*s + 65. Give h(s).
-8
Let r = -41 + 45. Suppose 3*h = 3*b - 348, -r*h - 381 - 59 = 4*b. Let x = h - -108. Let t(g) = -g**2 - 5*g. Determine t(x).
0
Let l(i) be the third derivative of -i**6/120 - i**5/12 - i**4/24 + 10*i**2 + 3*i. What is l(-2)?
-10
Let v(n) = -3*n**2 + n - 2. Let o be 15/(15/(-3)) - -5. Suppose 4*f - 3*y - 24 = o*f, 3*f - 6 = -3*y. Suppose f*w + 15 = 5*s + 5*w, -2*w = 0. What is v(s)?
-26
Let p(g) = g - 5*g**2 + g - 4*g + 2. Suppose 4*w - 11 = 5*s + 14, 0 = 5*w - 2*s - 44. Suppose -25 + 5 = w*a. Determine p(a).
-14
Let v(d) = 8*d**3 - 2*d - 1. Let y(p) be the first derivative of p**2 + 53*p - 20. Let w be -2*((-189)/56)/((-1)/4). Let h be y(w). Determine v(h).
-7
Let w(b) be the second derivative of -b**4/4 + 7*b**3/2 - 4676*b. Determine w(8).
-24
Let v(r) = 66*r**2 - 2*r + 22. Let p(u) = -79*u**2 + 3*u - 24. Let w(z) = 5*p(z) + 6*v(z). Determine w(7).
82
Let z(b) = -b**3 - 6*b**2 + 5*b - 2. Let o = 110 + -110. Suppose -5*t - 2*m + 19 = -8*t, -5*m - 5 = o. Determine z(t).
12
Let h(v) = -47*v**2 - 15*v - 37. Let o(s) = -31*s**2 - 13*s - 36. Let c(w) = 2*h(w) - 3*o(w). What is c(13)?
-18
Let g(p) = -4*p**2 - 40*p - 27. Let z(w) = 24*w - 33. Let c be z(1). Let t be g(c). Let d(u) = u**2 - 9*u + 5. Calculate d(t).
5
Let h(d) be the second derivative of d**5/20 - 5*d**4/12 - d**3/2 + 15*d**2/2 + 1433*d. Calculate h(5).
0
Let z(h) be the third derivative of 25*h**4/24 - 19*h**3/6 - 3171*h**2. Determine z(2).
31
Let o(s) be the second derivative of 0 - 1/6*s**3 + 38*s + 3*s**2. Let v = 0 + 0. Calculate o(v).
6
Let b(h) = -2*h**2 - 10*h - 10. Let p be (-90)/4*288/648. Calculate b(p).
-110
Let v be (-2574)/110 + 24 + 1 + 83/(-5). Let r(y) = y**2 + 11*y + 7. Give r(v).
67
Let m(d) = -d**3 + 87*d**2 - 52*d + 2. Let t(j) = -6*j**3 + 614*j**2 - 365*j + 13. Let p(o) = -15*m(o) + 2*t(o). Give p(25).
-4
Let q = 125 + -73. Let z = 47 - q. Let a(c) be the third derivative of c**5/60 + c**4/6 - c**3/2 - 33*c**2. Calculate a(z).
2
Let w(d) = -40*d + 637. Let y(o) = o - 71. Let u(k) = w(k) + 2*y(k). Give u(13).
1
Let g be (-2)/(-5) - (-39)/15. Let a(m) = -4*m**2 + 8*m + m**g + 6 - 8*m**2 + 4*m**2. Suppose -5 + 33 = 4*d - 4*t, -4*t - 7 = -d. Calculate a(d).
13
Let u(l) = -l**3 + 9*l**2 - 21*l + 4. Let o be u(4). Suppose o = 5*d - 8*h + 6*h + 2, 0 = 3*h - 3. Let z(a) = a**3 + a**2 - 2. Give z(d).
-2
Let q(d) = 48*d - 230. Let u(j) = -25*j + 117. Let m(h) = -4*q(h) - 7*u(h). Determine m(7).
-18
Let j(d) = -5*d + 14*d + 12 - 2*d - 2*d. Calculate j(-8).
-28
Let w = 2116 + -2101. Let d(b) = -11*b**3 + 10*b**2 + b - 8. Let i(y) = -9*y**3 + 11*y**2 + y - 9. Let f(o) = 4*d(o) - 5*i(o). Give f(w).
-2
Let d(b) = 10*b + 31267 - 15615 - 15635. Determine d(-2).
-3
Let z(l) be the first derivative of l**3/3 - 5*l**2/2 + 1. Suppose -160 = -73*j + 41*j. Calculate z(j).
0
Let m(t) = -445*t - 5. Let a(k) = 245*k + 2. Let i(r) = 11*a(r) + 6*m(r). Determine i(6).
142
Let z(o) = 7*o**3 - 6*o**2 - 6*o. Let f(c) = c**3 + c**2 + c + 2. Let h(t) = -8*f(t) + z(t). Give h(-13).
-3
Let m(g) = 982*g**2 - 1965*g**2 - 2*g - 6 + 982*g**2 + g. Let q be 30/5*2/6 - 2. What is m(q)?
-6
Let o(y) = 7*y - 72. Let c be o(0). Let s = -20 - c. Let a(x) = -32*x - 6 + s*x - 22*x. Give a(-5).
4
Let v(c) be the first derivative of 5*c**2/2 + 66*c - 1524. Give v(-13).
1
Let a(r) be the third derivative of -r**5/12 - r**4/24 - r**3/6 + 4*r**2. Let y be (13/(-10) + 84/105)*4. What is a(y)?
-19
Let a(j) = 2*j**2 - j + 1. Let t(q) = -33*q + 9*q - 2 + 13*q + 15*q + 9*q**2. Let d(u) = 5*a(u) - t(u). Determine d(7).
-7
Let a(p) be the first derivative of 2 + 0*p + 2/3*p**3 - 1/4*p**4 - 1/2*p**2. Let o be 6/(-192)*-8 + (-21)/(-12). Calculate a(o).
-2
Let b(f) be the second derivative of -f**4/12 - 7*f**3/6 + 15*f**2/2 - 12*f + 45. Determine b(-12).
-45
Let f(h) = -11*h + h**2 + h + 1 + 27 + 1 - 3. Determine f(9).
17
Let l be 14/4*(-80)/(-56) - -200. Let r(o) = -o - l - 201 + 404. Determine r(5).
-7
Let x(v) = -v**2 + 133*v + 824. Let d be x(-6). Let n(k) = -k**3 - 10*k**2 - 3*k - 2. Give n(d).
28
Let d(t) = -4*t - 59 + 5*t + 17*t + 20*t**2 + 22*t**2 - 43*t**2. Calculate d(5).
6
Suppose -131 = -3*u - 122. Let i(m) = -1 + m**2 - 4*m**2 + 3 + 10*m**3 - 9*m**u - 2*m**3 - m. What is i(-2)?
0
Let i(c) = -6*c + 75. Suppose 509 = -d + g + 518, 0 = -4*d + g + 45. Give i(d).
3
Let u = -25073 + 25076. Let v(h) = 6*h**2 - 3*h - 5. Calculate v(u).
40
Let b(q) = 20*q + 4. Let j(i) = 14*i + 3. Let l(x) = -3*b(x) + 4*j(x). Let s(y) = -y**2 - 5*y + 3. Let n be s(-5). Give l(n).
-12
Let o = 4 - 2. Let r = 759 - 755. Let a(y) = y + 6*y - 17*y + r*y**2 - 2*y**3 + 4*y - 1 + 4*y. Calculate a(o).
-5
Suppose -4*s + 21 = -n, 101 - 137 = 4*n - 4*s. Let a(l) = -5*l**3 - 27*l**2 - 11*l - 2. Determine a(n).
3
Let h(f) = f**2 - 2. Let n(a) = 2*a - 13. Let j(m) = m**2 - 24*m - 139. Let u be j(29). Let o(v) = u*h(v) - n(v). Calculate o(1).
5
Let p(u) = -u**2 - 4*u + 18. Let w(z) = 18*z - 1792. Let a be w(99). Determine p(a).
-42
Suppose 17 + 67 = 14*t. Suppose -6 = 2*i - 10. Let c(m) = -3 - i*m**3 - 1 - 9*m + m**3 + 9 + 7*m**2. Calculate c(t).
-13
Let w(i) = -4172*i**2 - 12*i + 4158*i**2 - 4*i - i**3 - 33. Give w(-13).
6
Let r(z) = -z**3 + 6*z**2 - 6*z - 2. Let m(d) = -20*d - 19. Let i be m(-3). Suppose -i = 3*q + 139. Let c be ((-40)/q)/(4/30). Determine r(c).
-7
Let g(o) = -6*o**3 + o**2 - 4. Let r be (-8)/(-3) + -2 + (-19)/(-3) + -5. Determine g(r).
-48
Let s(a) = a**3 - 8*a**2 - 2*a + 17. Let v = -10421 + 10429. What is s(v)?
1
Let r(z) be the first derivative of -46 + z - 7/2*z**2. Determine r(3).
-20
Let j(l) = l**2 - 5*l. Let w(a) = 2167*a - 1071*a - 1072*a - 18. Let b be w(1). Give j(b).
6
Let t(y) be the second derivative of 2*y**3 + y**2/2 + y. Let h = 85 + -73. Suppose 18*p + 6 = -h. What is t(p)?
-11
Let z(j) be the second derivative of -j**3/3 - j**2 + j. Suppose -4*o + 4*s + 148 = 0, -o + 0*s = s - 33. Suppose 35 = -28*x + o*x. Give z(x).
-12
Let k(a) = 11 - 5*a**3 + 5*a**3 - a**3 - 10*a - 10*a**2. Suppose 88*c + 37*c + 1935 = -90*c. Determine k(c).
20
Let z(y) = 3*y**2 - 18 + 298*y - 2*y**2 - 611*y + 336*y. Calculate z(-23).
-18
Suppose -2*q = 24*b - 22*b - 22, -2*b = -3*q + 8. Let r(l) be the second derivative of -l**5/20 + l**4/2 + 5*l**3/6 - 3*l**2 + 6*l. Give r(q).
24
Let b = 76 + 20. Suppose 22*k = -10*k + b. Let i(s) = -3*s + 6*s + 2*s + 4. Give i(k).
19
Let m(l) = -l**3 + 23*l**2 - 22*l + 11. Suppose -919 = -110*r + 1501. Calculate m(r).
11
Let q(z) be the first derivative of 12*z - 11*z + 3*z**2 - 15 - 2*z**2 - 8*z. Give q(6).
5
Let d(n) = 12*n + 3. Let m be -2 - -12 - ((-25)/10 + 0)*-2. Calculate d(m).
63
Let l(k) be the second derivative of -k**6/120 + k**5/60 - k**4/24 - 6*k**3 - k**2/2 + 27*k - 2. Let t(q) be the first derivative of l(q). Give t(0).
-36
Let z be (-76 + 0)*((-339)/(-12) + -28). Let k(a) = -8*a - 163. What is k(z)?
-11
Let k(q) = -q**3 - 3*q**2 + 4*q - 2. Let p be k(1). Let z be p/(-27) + 3318/1134. Let x(h) = -h**2 + 2*h + 2. Determine x(z).
-1
Let o(i) = 2*i**3 - 2*i - 1. Let b(z) = z**2 - 35*z + 8. Let f be b(35). Suppose -f*k + 17*k - 18 = 0. Give o(k).
11
Suppose -5*q - 5*h + 15 = 0, -3*h + 21 = 3*q + 2*q. Let f = 14 - 12. Let k(y) = 13*y**2 - 1 - 37*y**2 + 15*y**f - 7*y + 10*y**2. Determine k(q).
-7
Let m(l) = -43*l - 1. Let k(y) = 252*y - 13. Let a(w) = -k(w) - 6*m(w). Give a(-5).
-11
Let k(l) = -14*l + 178. Let o(v) = -56*v + 751. Let b(x) = -9*k(x) + 2*o(x). What is b(8)?
12
Let n(u) be the third derivative of 0*u + 0 + 5/6*u**3 - 1/12*u**4 - 3*u**2. Let w be (-2)/(-1)*(-36)/(24/(-2)). What is n(w)?
-7
Let o(b) = b. Let u(d) = -2*d**2 - 2*d - 2. Let s(c) = o(c) + u(c). Let g(y) = y**2 + 12*y + 18. Let v be g(-2). Calculate s(v).
-8
Let a(j) = j**3 - 10*j**2 + 11*j + 12. Let b(o) = 8*o**3 + 2*o**2 - 4*o + 3. Let p be b(1). What is a(p)?
30
Let w be 10*(102/12 + -5). Suppose 0 = -34*s + 27*s + w. Let m(i) = -2*i - 3. Let f(d) = -d - 4. Let g(x) = -4*f(x) + 3*m(x). What is g(s)?
-3
Let z(r) = 7*r**3 - 11*r**2 + 28*r + 138. Let k(v) = -2*v**3 + v**2 - 2*v - 27. Let s(o) = -4*k(o) - z(o). Give s(-9).
-12
Let n(j) = 4*j**2 - 55*j - 11. Let z(t) = t**2 + 152*t - 2674. Let q be z(16). Determine n(q).
3
Let r(z) = 5*z + 96. Let c(h) = h**3 - 3*h**2 + 113*h + 370. Let m be c(-